mon divisor of 434 and 11098?
62
Calculate the greatest common divisor of 3887687 and 1006.
503
What is the greatest common factor of 1525 and 732?
61
Calculate the highest common divisor of 101099 and 626.
313
Calculate the highest common divisor of 396 and 81126.
18
Calculate the highest common divisor of 702 and 114270.
78
What is the greatest common divisor of 22624 and 10302?
202
What is the highest common factor of 87570 and 556?
278
Calculate the greatest common factor of 7 and 73829.
7
What is the highest common factor of 7 and 3389183?
7
Calculate the highest common divisor of 34503 and 57939.
651
What is the greatest common factor of 33682 and 88?
22
Calculate the greatest common divisor of 180665 and 6670.
115
Calculate the greatest common divisor of 255 and 60345.
15
Calculate the greatest common factor of 12090 and 10.
10
Calculate the highest common divisor of 1161 and 37539.
387
What is the greatest common divisor of 207131 and 43?
43
Calculate the greatest common divisor of 62232 and 264.
24
Calculate the highest common factor of 5907 and 3401.
179
Calculate the highest common factor of 648 and 335736.
72
Calculate the highest common factor of 22119 and 10293.
219
Calculate the highest common divisor of 1528514 and 104.
26
What is the highest common divisor of 72 and 4185?
9
What is the highest common factor of 969331 and 1452?
121
What is the greatest common divisor of 455158 and 66?
22
What is the highest common factor of 780720 and 1680?
240
Calculate the highest common divisor of 12932 and 388204.
244
What is the greatest common divisor of 35 and 2372615?
35
What is the highest common factor of 155918 and 407?
37
What is the highest common divisor of 34466 and 1026?
38
What is the highest common factor of 161430 and 135?
15
What is the highest common factor of 178694 and 282?
94
Calculate the highest common divisor of 462 and 13706.
154
Calculate the greatest common factor of 427 and 189.
7
What is the greatest common factor of 27500 and 66?
22
What is the highest common divisor of 336 and 61208?
56
What is the highest common divisor of 5467500 and 100?
100
Calculate the greatest common factor of 44 and 11121.
11
What is the greatest common divisor of 363 and 472747?
121
Calculate the greatest common divisor of 394 and 1884.
2
Calculate the greatest common factor of 4148 and 1220.
244
Calculate the greatest common divisor of 73104 and 816.
48
What is the highest common factor of 270 and 403230?
30
Calculate the greatest common divisor of 66 and 430166.
22
What is the greatest common divisor of 1386 and 3663?
99
What is the highest common factor of 14263 and 136?
17
What is the greatest common divisor of 48434 and 2382?
794
Calculate the highest common divisor of 144480 and 1548.
516
What is the highest common factor of 34 and 313837?
17
What is the greatest common divisor of 1225 and 43750?
175
Calculate the highest common factor of 59096 and 1958.
178
What is the highest common divisor of 7222 and 161?
23
What is the highest common divisor of 18614 and 8?
2
Calculate the highest common divisor of 4224 and 20616.
24
Calculate the greatest common factor of 39885 and 255.
15
Calculate the highest common divisor of 794 and 267975.
397
Calculate the greatest common divisor of 132154 and 22.
22
Calculate the greatest common factor of 10988 and 107092.
164
What is the highest common factor of 15 and 13341?
3
Calculate the greatest common factor of 50086 and 790.
158
What is the highest common factor of 15405 and 51155?
65
What is the greatest common factor of 1740 and 17052?
348
What is the greatest common divisor of 21124 and 12?
4
What is the greatest common divisor of 610 and 345077?
61
Calculate the greatest common divisor of 209608 and 931.
133
What is the greatest common factor of 17820 and 140800?
220
Calculate the highest common factor of 12330 and 1344.
6
Calculate the highest common divisor of 35 and 710.
5
Calculate the greatest common factor of 21322 and 56.
14
What is the greatest common factor of 393945 and 5?
5
Calculate the greatest common factor of 35 and 198723.
7
What is the greatest common factor of 2032 and 7747?
127
Calculate the highest common divisor of 350 and 18750.
50
What is the highest common divisor of 9231 and 1581?
51
Calculate the greatest common divisor of 48059 and 514.
257
What is the highest common factor of 434 and 213220?
14
Calculate the greatest common factor of 2601 and 63.
9
Calculate the highest common divisor of 10 and 2474330.
10
What is the greatest common factor of 7497 and 1683?
153
Calculate the greatest common factor of 480 and 7127760.
240
What is the highest common divisor of 46257 and 85?
17
What is the highest common factor of 952 and 111146?
238
Calculate the highest common factor of 326579 and 121.
121
Calculate the greatest common divisor of 8965 and 1304.
163
What is the greatest common factor of 4853 and 74483?
211
Calculate the highest common factor of 275360 and 320.
160
What is the greatest common factor of 1479 and 2295?
51
What is the greatest common divisor of 13 and 768079?
13
What is the highest common factor of 33 and 230835?
33
What is the greatest common divisor of 77 and 26213?
11
What is the highest common divisor of 44 and 24508?
44
Calculate the greatest common factor of 3600 and 4150.
50
What is the highest common divisor of 60 and 11556?
12
What is the greatest common factor of 2210976 and 684?
36
What is the greatest common factor of 20083 and 5263?
19
What is the highest common divisor of 666 and 7413246?
666
What is the greatest common factor of 924 and 12782?
154
Calculate the greatest common factor of 15194 and 259796.
214
What is the highest common divisor of 58232 and 753?
251
Calculate the greatest common factor of 196 and 1140.
4
What is the greatest common divisor of 1800 and 2664?
72
What is the greatest common factor of 3247 and 34?
17
What is the greatest common factor of 255 and 89080?
85
What is the greatest common factor of 221436 and 108?
36
What is the greatest common divisor of 325 and 6613750?
325
Calculate the greatest common divisor of 150 and 212580.
30
Calculate the highest common divisor of 2154 and 96.
6
What is the highest common factor of 82350 and 288?
18
What is the highest common factor of 6642 and 451?
41
Calculate the highest common factor of 673868 and 572.
52
Calculate the greatest common factor of 4015 and 57695.
55
What is the highest common factor of 5 and 11665?
5
Calculate the highest common factor of 989 and 50181.
43
What is the highest common factor of 102000 and 325?
25
Calculate the highest common factor of 256 and 41792.
64
Calculate the highest common factor of 30560 and 9932.
764
Calculate the highest common divisor of 301 and 1962821.
301
Calculate the highest common divisor of 574557 and 9.
3
Calculate the highest common divisor of 1656 and 18676.
92
Calculate the highest common factor of 322 and 3818.
46
Calculate the highest common divisor of 828 and 3096.
36
What is the greatest common divisor of 480 and 80736?
96
What is the highest common divisor of 238303 and 13?
13
What is the highest common divisor of 744 and 8952?
24
Calculate the greatest common divisor of 1239546 and 3696.
462
Calculate the highest common divisor of 188916 and 312.
156
What is the greatest common factor of 3041638 and 886?
886
What is the greatest common divisor of 399 and 1238097?
399
Calculate the highest common divisor of 264 and 1270368.
264
Calculate the highest common factor of 236764 and 3124.
44
Calculate the highest common divisor of 357 and 52377.
51
What is the greatest common factor of 138950 and 15050?
350
Calculate the greatest common divisor of 1087534 and 14.
14
Calculate the highest common factor of 448 and 2604.
28
Calculate the greatest common divisor of 161184 and 1460.
292
What is the highest common divisor of 16 and 911824?
16
Calculate the greatest common factor of 2489249 and 37.
37
What is the highest common divisor of 44469 and 244?
61
What is the greatest common divisor of 144 and 70004?
4
What is the greatest common factor of 567 and 53361?
63
Calculate the highest common factor of 678276 and 36.
36
Calculate the greatest common divisor of 282817 and 554.
277
What is the highest common factor of